{"id":3912,"date":"2021-12-20T22:40:43","date_gmt":"2021-12-20T20:40:43","guid":{"rendered":"http:\/\/www.kirche-altenkirchen-ruegen.de\/?page_id=3912"},"modified":"2021-12-20T22:59:55","modified_gmt":"2021-12-20T20:59:55","slug":"spenden","status":"publish","type":"page","link":"https:\/\/www.kirche-altenkirchen-ruegen.de\/?page_id=3912","title":{"rendered":"Spenden"},"content":{"rendered":"<p><strong><span style=\"color: #ff6600;\">Hier k\u00f6nnen Sie unsere Kulturveranstaltungen des Kirchen- und Musiksommers unterst\u00fctzen <\/span><\/strong><br \/>\n<strong><span style=\"color: #ff6600;\">oder zum Erhalt unserer Kirchen direkt spenden.<\/span><\/strong><\/p>\n<p>Bei einem Betrag \u00fcber 50,00\u20ac stellen wir Ihnen gern bei Angabe Ihrer Anschrift (im Verwendungszweck) eine Spendenbescheinigung aus.<\/p>\n<p>Bitte im Verwendungszweck angeben: Kultur oder Name der Kirche angeben<\/p>\n<p>Vielen Dank!<\/p>\n<p><strong>Bankverbindungen: <\/strong><\/p>\n<p>Kirchengemeinde Nordr\u00fcgen:<br \/>\nPommersche Volksbank:<br \/>\nIBAN: DE10 1309 1054 0003 2202 22<br \/>\nBIC: GENODEF1HST<\/p>\n<p>Kirchengemeinde Wiek<br \/>\nSparkasse R\u00fcgen:<br \/>\nIBAN: DE33 1505 0500 0838 1700 80<br \/>\nBIC: NOLADE21GRW<\/p>\n","protected":false},"excerpt":{"rendered":"<p>Hier k\u00f6nnen Sie unsere Kulturveranstaltungen des Kirchen- und Musiksommers unterst\u00fctzen oder zum Erhalt unserer Kirchen direkt spenden. Bei einem Betrag \u00fcber 50,00\u20ac stellen wir Ihnen gern bei Angabe Ihrer Anschrift (im Verwendungszweck) eine Spendenbescheinigung aus. Bitte im Verwendungszweck angeben: Kultur oder Name der Kirche angeben Vielen Dank! Bankverbindungen: Kirchengemeinde Nordr\u00fcgen: Pommersche Volksbank: IBAN: DE10 1309 [&hellip;]<\/p>\n","protected":false},"author":5,"featured_media":0,"parent":0,"menu_order":0,"comment_status":"closed","ping_status":"closed","template":"","meta":{"jetpack_post_was_ever_published":false,"footnotes":""},"class_list":["post-3912","page","type-page","status-publish","hentry"],"jetpack_shortlink":"https:\/\/wp.me\/P3wRzi-116","_links":{"self":[{"href":"https:\/\/www.kirche-altenkirchen-ruegen.de\/index.php?rest_route=\/wp\/v2\/pages\/3912","targetHints":{"allow":["GET"]}}],"collection":[{"href":"https:\/\/www.kirche-altenkirchen-ruegen.de\/index.php?rest_route=\/wp\/v2\/pages"}],"about":[{"href":"https:\/\/www.kirche-altenkirchen-ruegen.de\/index.php?rest_route=\/wp\/v2\/types\/page"}],"author":[{"embeddable":true,"href":"https:\/\/www.kirche-altenkirchen-ruegen.de\/index.php?rest_route=\/wp\/v2\/users\/5"}],"replies":[{"embeddable":true,"href":"https:\/\/www.kirche-altenkirchen-ruegen.de\/index.php?rest_route=%2Fwp%2Fv2%2Fcomments&post=3912"}],"version-history":[{"count":5,"href":"https:\/\/www.kirche-altenkirchen-ruegen.de\/index.php?rest_route=\/wp\/v2\/pages\/3912\/revisions"}],"predecessor-version":[{"id":3920,"href":"https:\/\/www.kirche-altenkirchen-ruegen.de\/index.php?rest_route=\/wp\/v2\/pages\/3912\/revisions\/3920"}],"wp:attachment":[{"href":"https:\/\/www.kirche-altenkirchen-ruegen.de\/index.php?rest_route=%2Fwp%2Fv2%2Fmedia&parent=3912"}],"curies":[{"name":"wp","href":"https:\/\/api.w.org\/{rel}","templated":true}]}}